3412236 and 704?
44
Calculate the highest common factor of 102589133 and 206.
103
Calculate the greatest common factor of 87958422 and 2118.
2118
What is the highest common divisor of 20931160 and 304?
152
Calculate the greatest common factor of 7925079 and 5528.
691
Calculate the greatest common factor of 10297971 and 459.
153
Calculate the highest common factor of 15 and 251714685.
15
Calculate the greatest common divisor of 16199689 and 327.
109
Calculate the highest common factor of 180154 and 104442.
338
Calculate the highest common factor of 17088 and 194336.
32
Calculate the greatest common divisor of 12502247 and 17423.
2489
Calculate the greatest common divisor of 1501725 and 150.
75
What is the highest common divisor of 51399962 and 573754?
13994
Calculate the greatest common divisor of 168502 and 54544.
974
Calculate the highest common factor of 5275509 and 2.
1
Calculate the greatest common factor of 126018410 and 21.
7
Calculate the highest common factor of 187 and 2997440.
17
Calculate the greatest common factor of 347090 and 32940.
610
What is the greatest common factor of 28553793 and 291?
291
What is the greatest common divisor of 28985 and 77210243?
5797
What is the greatest common factor of 2200 and 1030876?
44
What is the highest common divisor of 64875 and 88761975?
12975
Calculate the greatest common factor of 651128 and 516158.
818
Calculate the highest common factor of 3487545 and 570.
285
What is the greatest common divisor of 51874 and 1194952?
74
What is the greatest common factor of 38 and 19019950?
38
Calculate the highest common factor of 10618720 and 95.
95
What is the highest common divisor of 47164 and 149656?
52
Calculate the greatest common factor of 11430 and 27919680.
3810
Calculate the highest common factor of 94848 and 127140.
156
What is the highest common factor of 7806948 and 72012?
4236
Calculate the highest common factor of 41322 and 193120.
142
What is the greatest common divisor of 17479 and 109648?
77
What is the greatest common divisor of 210 and 882786310?
70
Calculate the greatest common divisor of 599255899 and 723.
241
Calculate the highest common factor of 6806 and 8869202.
82
What is the highest common divisor of 224389275 and 50875?
10175
What is the greatest common factor of 10396 and 9540929?
2599
Calculate the greatest common divisor of 40 and 68356184.
8
Calculate the greatest common factor of 258 and 624747.
129
What is the highest common factor of 10670786 and 423?
47
Calculate the greatest common factor of 4998 and 359562.
294
Calculate the greatest common factor of 1278 and 22504248.
18
Calculate the highest common factor of 240 and 1054726620.
60
What is the highest common divisor of 1845 and 76711?
41
What is the greatest common divisor of 13025 and 8890865?
2605
Calculate the highest common divisor of 101107375 and 250.
125
What is the highest common factor of 29195056 and 24?
8
Calculate the highest common divisor of 205 and 1071065.
5
Calculate the greatest common factor of 3072 and 261376.
256
Calculate the greatest common factor of 7444311 and 321.
321
Calculate the highest common divisor of 372126 and 529170.
3414
What is the highest common factor of 47020625 and 46?
23
Calculate the greatest common factor of 879957 and 14346.
9
What is the greatest common divisor of 28014 and 19314?
174
Calculate the greatest common divisor of 69696113 and 433.
433
Calculate the greatest common factor of 1032737 and 15853.
191
Calculate the highest common factor of 12370 and 37570164.
2474
What is the highest common divisor of 17130 and 12450?
30
Calculate the highest common factor of 201 and 67588193.
67
What is the greatest common divisor of 109627232 and 4576?
4576
Calculate the highest common divisor of 5041065 and 6739.
293
Calculate the greatest common divisor of 127911000 and 560.
280
What is the highest common divisor of 9331083 and 171?
9
What is the greatest common divisor of 3420 and 252396?
684
What is the highest common divisor of 582331 and 266?
19
What is the highest common divisor of 9 and 185931291?
3
Calculate the highest common factor of 402458 and 679014.
238
What is the highest common divisor of 4082 and 14282?
2
What is the greatest common divisor of 578898 and 435?
87
Calculate the greatest common factor of 454480 and 754.
26
Calculate the greatest common divisor of 7478699 and 111.
37
Calculate the greatest common divisor of 13652446 and 2348.
1174
Calculate the greatest common factor of 17554 and 340226.
134
Calculate the highest common divisor of 161 and 5615657.
23
Calculate the highest common factor of 1 and 2584708.
1
What is the greatest common divisor of 11866283 and 198?
11
Calculate the highest common factor of 90646520 and 60.
20
What is the highest common factor of 645 and 19950065?
215
Calculate the greatest common divisor of 1751784 and 48504.
1128
Calculate the highest common divisor of 1390595 and 85.
5
What is the highest common factor of 28140 and 12481140?
420
Calculate the highest common divisor of 214199 and 150080.
67
What is the greatest common divisor of 53194985 and 134?
67
What is the greatest common factor of 4488 and 4764072?
24
What is the highest common factor of 48557426 and 108837?
4031
What is the highest common factor of 790951 and 1169?
7
What is the greatest common divisor of 42919617 and 312?
39
What is the greatest common factor of 477259264 and 1856?
1856
What is the highest common factor of 38 and 3298818?
38
Calculate the greatest common factor of 5563971 and 3969.
567
Calculate the highest common factor of 85880 and 4458980.
2260
Calculate the highest common factor of 1054288 and 18.
2
What is the highest common divisor of 140853756 and 96?
12
What is the highest common divisor of 109681 and 107144?
59
Calculate the greatest common divisor of 49100 and 13120.
20
What is the highest common factor of 541890 and 11727570?
6690
What is the greatest common factor of 6966 and 2600262?
162
What is the highest common factor of 816 and 4426256?
272
What is the greatest common divisor of 5343 and 33267?
39
Calculate the greatest common factor of 54000 and 23272920.
1080
What is the greatest common divisor of 7637392 and 37?
37
Calculate the greatest common divisor of 1188600354 and 18.
18
What is the highest common divisor of 497 and 9597?
7
Calculate the highest common divisor of 35457870 and 84.
42
What is the highest common divisor of 168 and 21421302?
42
Calculate the highest common divisor of 59213655 and 2115.
2115
What is the highest common divisor of 152620803 and 129?
129
Calculate the highest common factor of 13542 and 8477514.
222
What is the highest common factor of 1555710 and 702?
78
What is the greatest common factor of 21582 and 869418?
198
Calculate the highest common factor of 123384 and 82362.
318
Calculate the highest common factor of 2373632 and 29944.
152
Calculate the highest common factor of 15340 and 263169205.
3835
Calculate the greatest common factor of 73278 and 108.
54
Calculate the greatest common factor of 1935 and 36742941.
387
What is the greatest common divisor of 809542 and 93294?
142
What is the highest common divisor of 28136892 and 924?
84
Calculate the greatest common divisor of 15476 and 1973084.
212
Calculate the highest common divisor of 758377 and 556288.
2173
Calculate the highest common divisor of 2839098 and 6474.
498
What is the highest common factor of 449536 and 140288?
1024
Calculate the highest common factor of 84 and 1040411400.
84
Calculate the highest common factor of 60207255 and 18.
9
Calculate the highest common factor of 11871 and 141681704.
1319
Calculate the highest common divisor of 15 and 235790850.
15
What is the highest common divisor of 1976350 and 2350?
2350
Calculate the greatest common divisor of 56869 and 131863.
29
What is the greatest common divisor of 92453184 and 20?
4
What is the highest common factor of 237559468 and 568?
284
Calculate the highest common divisor of 101 and 2718011.
101
Calculate the highest common divisor of 114851 and 83104.
53
What is the greatest common factor of 2235 and 389131380?
2235
What is the highest common divisor of 1861652 and 169?
13
Calculate the greatest common divisor of 57321 and 852555.
33
What is the greatest common divi